{"id":2293,"date":"2019-09-14T11:24:39","date_gmt":"2019-09-14T09:24:39","guid":{"rendered":"http:\/\/gymnasium-zwoenitz.com\/?page_id=2293"},"modified":"2024-06-18T12:43:58","modified_gmt":"2024-06-18T10:43:58","slug":"schulsozialarbeit","status":"publish","type":"page","link":"https:\/\/gymnasium-zwoenitz.com\/index.php\/unser-gymnasium\/beratung\/schulsozialarbeit\/","title":{"rendered":"Schulsozialarbeit"},"content":{"rendered":"\n<div class=\"wp-block-media-text alignwide has-media-on-the-right is-stacked-on-mobile is-vertically-aligned-top\" style=\"grid-template-columns:auto 34%\"><div class=\"wp-block-media-text__content\">\n<p><strong>Franziska Illig<\/strong><\/p>\n\n\n\n<p><strong>Bildungstr\u00e4ger<\/strong><br>GAFUG mbH Oberlungwitz<br>Hofer Stra\u00dfe 159<br>09353 Oberlungwitz<\/p>\n\n\n\n<p><strong>Telefon<\/strong><br>0170 6084142<\/p>\n\n\n\n<p><strong>E-Mail<\/strong><br>f.illig@gafug.de<br>schulsozialarbeit@megz.lernsax.de<\/p>\n\n\n\n<p><strong>Raum<\/strong><br>312<\/p>\n\n\n\n<p><strong>Sprechzeiten<\/strong><br>Dienstag 7:00 \u2013 7:45 Uhr<br>sowie 9:00 \u2013 9:45 Uhr<br>Donnerstag 13:15 \u2013 14:45 Uhr<br><em>individuelle Sprechzeiten nach Absprache<\/em><\/p>\n<\/div><figure class=\"wp-block-media-text__media\"><img loading=\"lazy\" decoding=\"async\" width=\"273\" height=\"410\" src=\"https:\/\/gymnasiumzwoenitz.files.wordpress.com\/2021\/03\/illig.jpg?w=273\" alt=\"\" class=\"wp-image-8041 size-full\" srcset=\"https:\/\/gymnasium-zwoenitz.com\/wp-content\/uploads\/2021\/03\/illig.jpg 273w, https:\/\/gymnasium-zwoenitz.com\/wp-content\/uploads\/2021\/03\/illig-200x300.jpg 200w, https:\/\/gymnasium-zwoenitz.com\/wp-content\/uploads\/2021\/03\/illig-128x192.jpg 128w\" sizes=\"auto, (max-width: 273px) 100vw, 273px\" \/><\/figure><\/div>\n\n\n\n<h2 class=\"wp-block-heading has-background\" style=\"background-color:#fecd9a\">Vorstellung<\/h2>\n\n\n\n<p>Mein Name ist Franziska Illig und ich bin seit 16.02.2021 als Schulsozialarbeiterin am \u201eMatthes-Enderlein-Gymnasium Zw\u00f6nitz\u201c eingesetzt.<br>Mein Ziel ist es, f\u00fcr alle Sch\u00fclerinnen und Sch\u00fcler sowie deren Erziehungsberechtige und Betreuungspersonen als auch Lehrerinnen und Lehrer, ein Ansprechpartner bei Problemen und Krisenlagen zu sein.<\/p>\n\n\n\n<p>Folgende Angebote werden die Schulsozialarbeit am MEGZ umfassen:<\/p>\n\n\n\n<ul class=\"wp-block-list\">\n<li>offene Gespr\u00e4chsangebote f\u00fcr alle am Schulleben Beteiligten<\/li>\n\n\n\n<li>Einzelfallberatung und \u2013begleitung<\/li>\n\n\n\n<li>sozialp\u00e4dagogische Gruppenarbeit, Projekte mit Schulklassen, Training sozialer Kompetenzen<\/li>\n\n\n\n<li>Betreuungs- und Freizeitangebote<\/li>\n\n\n\n<li>Konstruktive Konfliktbearbeitung, Krisenintervention<\/li>\n\n\n\n<li>Unterst\u00fctzung bei Unterrichtsprojekten<\/li>\n\n\n\n<li>Zusammenarbeit und Beratung der Lehrkr\u00e4fte und Erziehungsberechtigten zu p\u00e4dagogischen Fragen<\/li>\n\n\n\n<li>Netzwerkarbeit und Kooperation mit relevanten Institutionen<\/li>\n\n\n\n<li>\u2026<\/li>\n<\/ul>\n\n\n\n<p>Zu den festgelegten Sprechzeiten bin ich im Zimmer 312 zu erreichen. Gern k\u00f6nnen wir aber auch Termine au\u00dferhalb dieser Zeiten vereinbaren.<br>Im Eingangsbereich der Schule gibt es einen Schaukasten der Schulsozialarbeit. Dort werden zuk\u00fcnftig alle wichtigen Informationen, z. B. zu geplanten Projekten, zu finden sein.<\/p>\n\n\n\n<figure class=\"wp-block-image size-large\"><img loading=\"lazy\" decoding=\"async\" width=\"1024\" height=\"110\" src=\"https:\/\/gymnasium-zwoenitz.com\/wp-content\/uploads\/2024\/06\/Bild1-1024x110.png\" alt=\"\" class=\"wp-image-19662\" srcset=\"https:\/\/gymnasium-zwoenitz.com\/wp-content\/uploads\/2024\/06\/Bild1-1024x110.png 1024w, https:\/\/gymnasium-zwoenitz.com\/wp-content\/uploads\/2024\/06\/Bild1-300x32.png 300w, https:\/\/gymnasium-zwoenitz.com\/wp-content\/uploads\/2024\/06\/Bild1-768x83.png 768w, https:\/\/gymnasium-zwoenitz.com\/wp-content\/uploads\/2024\/06\/Bild1-1536x165.png 1536w, https:\/\/gymnasium-zwoenitz.com\/wp-content\/uploads\/2024\/06\/Bild1.png 1878w\" sizes=\"auto, (max-width: 1024px) 100vw, 1024px\" \/><\/figure>\n","protected":false},"excerpt":{"rendered":"<p>Franziska Illig Bildungstr\u00e4gerGAFUG mbH OberlungwitzHofer Stra\u00dfe 15909353 Oberlungwitz Telefon0170 6084142 E-Mailf.illig@gafug.deschulsozialarbeit@megz.lernsax.de Raum312 SprechzeitenDienstag 7:00 \u2013 7:45 Uhrsowie 9:00 \u2013 9:45 UhrDonnerstag 13:15 \u2013 14:45 Uhrindividuelle Sprechzeiten nach Absprache Vorstellung Mein Name ist Franziska Illig und ich bin seit 16.02.2021 als Schulsozialarbeiterin am \u201eMatthes-Enderlein-Gymnasium Zw\u00f6nitz\u201c eingesetzt.Mein Ziel ist es, f\u00fcr alle Sch\u00fclerinnen und Sch\u00fcler sowie deren<a class=\"more-link\" href=\"https:\/\/gymnasium-zwoenitz.com\/index.php\/unser-gymnasium\/beratung\/schulsozialarbeit\/\">Continue reading <span class=\"screen-reader-text\">&#8222;Schulsozialarbeit&#8220;<\/span><\/a><\/p>\n","protected":false},"author":1,"featured_media":0,"parent":46,"menu_order":0,"comment_status":"closed","ping_status":"closed","template":"","meta":{"footnotes":""},"tags":[],"class_list":["post-2293","page","type-page","status-publish","hentry"],"jetpack_sharing_enabled":false,"_links":{"self":[{"href":"https:\/\/gymnasium-zwoenitz.com\/index.php\/wp-json\/wp\/v2\/pages\/2293","targetHints":{"allow":["GET"]}}],"collection":[{"href":"https:\/\/gymnasium-zwoenitz.com\/index.php\/wp-json\/wp\/v2\/pages"}],"about":[{"href":"https:\/\/gymnasium-zwoenitz.com\/index.php\/wp-json\/wp\/v2\/types\/page"}],"author":[{"embeddable":true,"href":"https:\/\/gymnasium-zwoenitz.com\/index.php\/wp-json\/wp\/v2\/users\/1"}],"replies":[{"embeddable":true,"href":"https:\/\/gymnasium-zwoenitz.com\/index.php\/wp-json\/wp\/v2\/comments?post=2293"}],"version-history":[{"count":2,"href":"https:\/\/gymnasium-zwoenitz.com\/index.php\/wp-json\/wp\/v2\/pages\/2293\/revisions"}],"predecessor-version":[{"id":19663,"href":"https:\/\/gymnasium-zwoenitz.com\/index.php\/wp-json\/wp\/v2\/pages\/2293\/revisions\/19663"}],"up":[{"embeddable":true,"href":"https:\/\/gymnasium-zwoenitz.com\/index.php\/wp-json\/wp\/v2\/pages\/46"}],"wp:attachment":[{"href":"https:\/\/gymnasium-zwoenitz.com\/index.php\/wp-json\/wp\/v2\/media?parent=2293"}],"wp:term":[{"taxonomy":"post_tag","embeddable":true,"href":"https:\/\/gymnasium-zwoenitz.com\/index.php\/wp-json\/wp\/v2\/tags?post=2293"}],"curies":[{"name":"wp","href":"https:\/\/api.w.org\/{rel}","templated":true}]}}