{"id":133,"date":"2017-09-13T16:51:36","date_gmt":"2017-09-13T14:51:36","guid":{"rendered":"https:\/\/gymnasiumzwoenitz.wordpress.com\/?page_id=133"},"modified":"2026-04-13T13:45:31","modified_gmt":"2026-04-13T11:45:31","slug":"schuelerbefoerderung","status":"publish","type":"page","link":"https:\/\/gymnasium-zwoenitz.com\/index.php\/schulleben\/schuelerbefoerderung\/","title":{"rendered":"Sch\u00fclerbef\u00f6rderung"},"content":{"rendered":"\n<h2 class=\"wp-block-heading\" id=\"anteilige-ubernahme-der-schulerbeforderungskosten-durch-die-stadt-zwonitz\">Anteilige \u00dcbernahme der Sch\u00fclerbef\u00f6rderungskosten durch die Stadt Zw\u00f6nitz<\/h2>\n\n\n\n<div data-wp-interactive=\"core\/file\" class=\"wp-block-file\"><object data-wp-bind--hidden=\"!state.hasPdfPreview\" hidden class=\"wp-block-file__embed\" data=\"https:\/\/gymnasium-zwoenitz.com\/wp-content\/uploads\/2026\/03\/Infoblatt_Antragstellung_2026.pdf\" type=\"application\/pdf\" style=\"width:100%;height:600px\" aria-label=\"Einbettung von Infoblatt_Antragstellung_2026.\"><\/object><a id=\"wp-block-file--media-ad48ca91-3fa4-499f-85c6-e1deaafcbc54\" href=\"https:\/\/gymnasium-zwoenitz.com\/wp-content\/uploads\/2026\/03\/Infoblatt_Antragstellung_2026.pdf\">Infoblatt_Antragstellung_2026<\/a><a href=\"https:\/\/gymnasium-zwoenitz.com\/wp-content\/uploads\/2026\/03\/Infoblatt_Antragstellung_2026.pdf\" class=\"wp-block-file__button wp-element-button\" download aria-describedby=\"wp-block-file--media-ad48ca91-3fa4-499f-85c6-e1deaafcbc54\">Herunterladen<\/a><\/div>\n\n\n\n<p>NEU:<br>Es wurde ein Online-Verfahren zur Beantragung der Sch\u00fclerbef\u00f6rderung eingerichtet. Es kann f\u00fcr&nbsp;die&nbsp;Sch\u00fclerbef\u00f6rderung&nbsp; \u00fcber Satzung Fahrtkostenerstattung,&nbsp;den Fahrdienst&nbsp;(ausschlie\u00dflich&nbsp; freigestellter Sch\u00fclerverkehr)&nbsp;und&nbsp;den Erlass des Eigenanteils ab dem 3. Fahrsch\u00fcler genutzt werden. <br><strong>Achtung<\/strong>:&nbsp;Das&nbsp;Online-Verfahren&nbsp;kann&nbsp;nicht&nbsp;f\u00fcr&nbsp;die&nbsp;Beantragung&nbsp; des Bildungs-Tickets verwendet werden. Das BildungsTicket ist \u00fcber&nbsp;ein Verkehrsunternehmen zu erwerben.<br><br>Alle Informationen finden Sie hier: <a href=\"https:\/\/www.vms.de\/schuelerbefoerderung\/antraege-und-formulare\/\">https:\/\/www.vms.de\/schuelerbefoerderung\/antraege-und-formulare\/<\/a><\/p>\n\n\n\n<div data-wp-interactive=\"core\/file\" class=\"wp-block-file\"><object data-wp-bind--hidden=\"!state.hasPdfPreview\" hidden class=\"wp-block-file__embed\" data=\"https:\/\/gymnasiumzwoenitz.files.wordpress.com\/2023\/06\/eltern_online-verfahren-schuelerbefoerderung.pdf\" type=\"application\/pdf\" style=\"width:100%;height:600px\" aria-label=\"Einbettung von eltern_online-verfahren-schuelerbefoerderung.\"><\/object><a id=\"wp-block-file--media-1e81e62d-af2f-4727-8716-13da06391358\" href=\"https:\/\/gymnasiumzwoenitz.files.wordpress.com\/2023\/06\/eltern_online-verfahren-schuelerbefoerderung.pdf\">eltern_online-verfahren-schuelerbefoerderung<\/a><a href=\"https:\/\/gymnasiumzwoenitz.files.wordpress.com\/2023\/06\/eltern_online-verfahren-schuelerbefoerderung.pdf\" class=\"wp-block-file__button wp-element-button\" download aria-describedby=\"wp-block-file--media-1e81e62d-af2f-4727-8716-13da06391358\">Herunterladen<\/a><\/div>\n\n\n\n<p>Die Stadt Zw\u00f6nitz bezuschusst die Sch\u00fclerbef\u00f6rderung der Zw\u00f6nitzer Schulen. Weitere Informationen und Antragsformulare finden Sie <a href=\"https:\/\/civ01-public.govit.de\/civ.public\/start.html?oe=00.00.Z.HA&amp;mode=cc&amp;cc_key=ErstattungSchuelerbefoerderung\" target=\"_blank\" rel=\"noreferrer noopener\">hier<\/a>.<\/p>\n\n\n\n<div data-wp-interactive=\"core\/file\" class=\"wp-block-file\"><object data-wp-bind--hidden=\"!state.hasPdfPreview\" hidden class=\"wp-block-file__embed\" data=\"https:\/\/gymnasium-zwoenitz.com\/wp-content\/uploads\/2025\/01\/2025-01-28-Schuelerbefoerderung-Elternbrief-2024-2025.pdf\" type=\"application\/pdf\" style=\"width:100%;height:600px\" aria-label=\"Einbettung von 2025-01-28 Sch\u00fclerbef\u00f6rderung-Elternbrief-2024-2025.\"><\/object><a id=\"wp-block-file--media-598a77b8-3377-4c7d-906c-aed4d2cc3cbb\" href=\"https:\/\/gymnasium-zwoenitz.com\/wp-content\/uploads\/2025\/01\/2025-01-28-Schuelerbefoerderung-Elternbrief-2024-2025.pdf\">2025-01-28 Sch\u00fclerbef\u00f6rderung-Elternbrief-2024-2025<\/a><\/div>\n\n\n\n<h2 class=\"wp-block-heading\" id=\"fahrplan\">Fahrpl\u00e4ne<\/h2>\n\n\n\n<p>Bitte informieren Sie sich <a href=\"https:\/\/www.rve.de\/fahrplan\/auskunft\/\" target=\"_blank\" rel=\"noreferrer noopener\">hier <\/a>\u00fcber die aktuellen Fahrpl\u00e4ne des \u00f6ffentlichen Nahverkehrs. <a href=\"https:\/\/www.vms.de\/fahrplan\/?efasection=seltt\">Hier <\/a>k\u00f6nnen Sie sich au\u00dferdem aktuelle Haltestellen-Pl\u00e4ne informieren.<\/p>\n\n\n\n<p class=\"has-luminous-vivid-amber-background-color has-background\">Achtung: Bitte \u00c4nderungen in<strong>Linie 413<\/strong> (Zw\u00f6nitz-Geyer-Annaberg-B.) ab 23.02.26 beachten (ge\u00e4nderte Abfahrtszeit nach 7. Stunde).<\/p>\n\n\n\n<hr class=\"wp-block-separator has-css-opacity\"\/>\n\n\n\n<h2 class=\"wp-block-heading\" id=\"Aenderungen\">Sperrungen\/\u00c4nderungen<\/h2>\n\n\n\n<p class=\"has-black-color has-luminous-vivid-amber-background-color has-text-color has-background has-link-color wp-elements-02380cb2f5b514bcfe17d6342005c66f\">Achtung Verl\u00e4ngerung!<br><strong>Linie 363<\/strong>: Ab Montag, den<strong>09. M\u00e4rz 2026 <\/strong>bis vsl. Mittwoch, den <strong>22. April 2026<\/strong> wird die Alte L\u00f6\u00dfnitzer Str. in Lenkersdorf t\u00e4glich ab 8:00 Uhr auf Grund Bauarbeiten (Breitband) voll gesperrt. Die Busse verkehren ab 8:00 Uhr nicht \u00fcber Lenkersdorf. Die Haltestelle \u201eLenkersdorf, Wendeschleife\u201c entf\u00e4llt. Die Haltestelle \u201eZw\u00f6nitz, Lenkersdorfer Str.\u201c wird bedient. Gewendet wird \u00fcber die Stra\u00dfe am Windberg.<\/p>\n\n\n\n<p class=\"has-luminous-vivid-amber-background-color has-background\">Linie <strong>184, 211, 377<\/strong>: Ab Montag, den <strong>09. M\u00e4rz 2026<\/strong> bis vsl. Freitag, den <strong>17. April 2026<\/strong> wird die Thomas-M\u00fcntzer-Stra\u00dfe in K\u00fchnhaide auf Grund von Bauarbeiten voll gesperrt. <br>Linie <strong>377 <\/strong>&#8211; \u201eLinienverkehr frei\u201c &#8211; die Bauarbeiten beginnen t\u00e4gl. erst ab 07:30 Uhr<br>Linie <strong>184, 211<\/strong> &#8211; Die Busse verkehren nur bis\/ab K\u00fchnhaide, Umspannwerk. Die Haltestellen K\u00fchnhaide, K\u00fcchenm\u00f6belwerk, Fleischerei Meischner und Wendeschleife entfallen bei diesen Linien.Es wird eine Ersatzhaltestelle auf der Dittersdorfer Stra\u00dfe, unterhalb der Feuerwehr eingerichtet.<\/p>\n\n\n\n<p><\/p>\n","protected":false},"excerpt":{"rendered":"<p>Anteilige \u00dcbernahme der Sch\u00fclerbef\u00f6rderungskosten durch die Stadt Zw\u00f6nitz NEU:Es wurde ein Online-Verfahren zur Beantragung der Sch\u00fclerbef\u00f6rderung eingerichtet. Es kann f\u00fcr&nbsp;die&nbsp;Sch\u00fclerbef\u00f6rderung&nbsp; \u00fcber Satzung Fahrtkostenerstattung,&nbsp;den Fahrdienst&nbsp;(ausschlie\u00dflich&nbsp; freigestellter Sch\u00fclerverkehr)&nbsp;und&nbsp;den Erlass des Eigenanteils ab dem 3. Fahrsch\u00fcler genutzt werden. Achtung:&nbsp;Das&nbsp;Online-Verfahren&nbsp;kann&nbsp;nicht&nbsp;f\u00fcr&nbsp;die&nbsp;Beantragung&nbsp; des Bildungs-Tickets verwendet werden. Das BildungsTicket ist \u00fcber&nbsp;ein Verkehrsunternehmen zu erwerben. Alle Informationen finden Sie hier: https:\/\/www.vms.de\/schuelerbefoerderung\/antraege-und-formulare\/ Die Stadt<a class=\"more-link\" href=\"https:\/\/gymnasium-zwoenitz.com\/index.php\/schulleben\/schuelerbefoerderung\/\">Continue reading <span class=\"screen-reader-text\">&#8222;Sch\u00fclerbef\u00f6rderung&#8220;<\/span><\/a><\/p>\n","protected":false},"author":1,"featured_media":0,"parent":20,"menu_order":0,"comment_status":"closed","ping_status":"closed","template":"","meta":{"footnotes":""},"tags":[],"class_list":["post-133","page","type-page","status-publish","hentry"],"jetpack_sharing_enabled":false,"_links":{"self":[{"href":"https:\/\/gymnasium-zwoenitz.com\/index.php\/wp-json\/wp\/v2\/pages\/133","targetHints":{"allow":["GET"]}}],"collection":[{"href":"https:\/\/gymnasium-zwoenitz.com\/index.php\/wp-json\/wp\/v2\/pages"}],"about":[{"href":"https:\/\/gymnasium-zwoenitz.com\/index.php\/wp-json\/wp\/v2\/types\/page"}],"author":[{"embeddable":true,"href":"https:\/\/gymnasium-zwoenitz.com\/index.php\/wp-json\/wp\/v2\/users\/1"}],"replies":[{"embeddable":true,"href":"https:\/\/gymnasium-zwoenitz.com\/index.php\/wp-json\/wp\/v2\/comments?post=133"}],"version-history":[{"count":23,"href":"https:\/\/gymnasium-zwoenitz.com\/index.php\/wp-json\/wp\/v2\/pages\/133\/revisions"}],"predecessor-version":[{"id":20055,"href":"https:\/\/gymnasium-zwoenitz.com\/index.php\/wp-json\/wp\/v2\/pages\/133\/revisions\/20055"}],"up":[{"embeddable":true,"href":"https:\/\/gymnasium-zwoenitz.com\/index.php\/wp-json\/wp\/v2\/pages\/20"}],"wp:attachment":[{"href":"https:\/\/gymnasium-zwoenitz.com\/index.php\/wp-json\/wp\/v2\/media?parent=133"}],"wp:term":[{"taxonomy":"post_tag","embeddable":true,"href":"https:\/\/gymnasium-zwoenitz.com\/index.php\/wp-json\/wp\/v2\/tags?post=133"}],"curies":[{"name":"wp","href":"https:\/\/api.w.org\/{rel}","templated":true}]}}