{"id":120,"date":"2017-09-13T16:51:35","date_gmt":"2017-09-13T14:51:35","guid":{"rendered":"https:\/\/gymnasiumzwoenitz.wordpress.com\/?page_id=120"},"modified":"2025-05-22T14:01:38","modified_gmt":"2025-05-22T12:01:38","slug":"schuelervertretung","status":"publish","type":"page","link":"https:\/\/gymnasium-zwoenitz.com\/index.php\/unser-gymnasium\/gremien\/schuelervertretung\/","title":{"rendered":"Sch\u00fclerrat"},"content":{"rendered":"\n<h2 class=\"wp-block-heading has-luminous-vivid-orange-color has-text-color has-link-color wp-elements-2f65ee79ae17335a8917b71bbcde6e3a\">Wir sind der Sch\u00fclerrat vom MEGZ!<\/h2>\n\n\n\n<div class=\"h5p-iframe-wrapper\"><iframe id=\"h5p-iframe-1\" class=\"h5p-iframe\" data-content-id=\"1\" style=\"height:1px\" src=\"about:blank\" frameBorder=\"0\" scrolling=\"no\" title=\"Mitglieder des Sch\u00fclerrats\"><\/iframe><\/div>\n\n\n\n<hr class=\"wp-block-separator has-alpha-channel-opacity\"\/>\n\n\n\n<p>Die gew\u00e4hlten Klassen- bzw. Jahrgangsstufen-\/Kurssprecher&nbsp;vertreten im Sch\u00fclerrat die Interessen ihrer Mitsch\u00fcler. Sie alle w\u00e4hlen einen Sch\u00fclersprecher, dessen Stellvertretung und Mitglieder der Schulkonferenz. All diese Sch\u00fcler kommen wiederum im Sch\u00fclerratsvorstand zusammen und arbeiten dort effektiv und konstruktiv im kleinen Kreis zwischen den Sch\u00fclerratssitzungen und bereiten diese zudem mit vor.<\/p>\n\n\n\n<p><\/p>\n","protected":false},"excerpt":{"rendered":"<p>Wir sind der Sch\u00fclerrat vom MEGZ! Die gew\u00e4hlten Klassen- bzw. Jahrgangsstufen-\/Kurssprecher&nbsp;vertreten im Sch\u00fclerrat die Interessen ihrer Mitsch\u00fcler. Sie alle w\u00e4hlen einen Sch\u00fclersprecher, dessen Stellvertretung und Mitglieder der Schulkonferenz. All diese Sch\u00fcler kommen wiederum im Sch\u00fclerratsvorstand zusammen und arbeiten dort effektiv und konstruktiv im kleinen Kreis zwischen den Sch\u00fclerratssitzungen und bereiten diese zudem mit vor.<\/p>\n","protected":false},"author":1,"featured_media":0,"parent":39,"menu_order":0,"comment_status":"closed","ping_status":"closed","template":"","meta":{"footnotes":""},"tags":[],"class_list":["post-120","page","type-page","status-publish","hentry"],"jetpack_sharing_enabled":false,"_links":{"self":[{"href":"https:\/\/gymnasium-zwoenitz.com\/index.php\/wp-json\/wp\/v2\/pages\/120","targetHints":{"allow":["GET"]}}],"collection":[{"href":"https:\/\/gymnasium-zwoenitz.com\/index.php\/wp-json\/wp\/v2\/pages"}],"about":[{"href":"https:\/\/gymnasium-zwoenitz.com\/index.php\/wp-json\/wp\/v2\/types\/page"}],"author":[{"embeddable":true,"href":"https:\/\/gymnasium-zwoenitz.com\/index.php\/wp-json\/wp\/v2\/users\/1"}],"replies":[{"embeddable":true,"href":"https:\/\/gymnasium-zwoenitz.com\/index.php\/wp-json\/wp\/v2\/comments?post=120"}],"version-history":[{"count":7,"href":"https:\/\/gymnasium-zwoenitz.com\/index.php\/wp-json\/wp\/v2\/pages\/120\/revisions"}],"predecessor-version":[{"id":19917,"href":"https:\/\/gymnasium-zwoenitz.com\/index.php\/wp-json\/wp\/v2\/pages\/120\/revisions\/19917"}],"up":[{"embeddable":true,"href":"https:\/\/gymnasium-zwoenitz.com\/index.php\/wp-json\/wp\/v2\/pages\/39"}],"wp:attachment":[{"href":"https:\/\/gymnasium-zwoenitz.com\/index.php\/wp-json\/wp\/v2\/media?parent=120"}],"wp:term":[{"taxonomy":"post_tag","embeddable":true,"href":"https:\/\/gymnasium-zwoenitz.com\/index.php\/wp-json\/wp\/v2\/tags?post=120"}],"curies":[{"name":"wp","href":"https:\/\/api.w.org\/{rel}","templated":true}]}}